{"id":6838,"date":"2025-08-12T21:59:36","date_gmt":"2025-08-12T18:59:36","guid":{"rendered":"https:\/\/www.promfest.ee\/competition\/results\/yiming-liu-2\/"},"modified":"2025-08-19T20:58:28","modified_gmt":"2025-08-19T17:58:28","slug":"leilei-xie","status":"publish","type":"page","link":"https:\/\/www.promfest.ee\/et\/competition\/results\/leilei-xie\/","title":{"rendered":"Leilei Xie"},"content":{"rendered":"<h3 class=\"wp-block-heading has-text-align-left\">Leilei Xie<\/h3>\n\n\n\n<h4 class=\"wp-block-heading\">Tenor \/ 9.01.1993<\/h4>\n\n\n\n<h4 class=\"wp-block-heading\">Hiina \/ China<br><br><\/h4>\n\n\n\n<div class=\"wp-block-media-text is-stacked-on-mobile is-vertically-aligned-top\" style=\"grid-template-columns:35% auto\"><figure class=\"wp-block-media-text__media\"><img loading=\"lazy\" decoding=\"async\" width=\"1024\" height=\"1024\" src=\"https:\/\/www.promfest.ee\/wp-content\/uploads\/2025\/08\/Leilei-Xie-1024x1024.jpeg\" alt=\"\" class=\"wp-image-6845 size-full\" srcset=\"https:\/\/www.promfest.ee\/wp-content\/uploads\/2025\/08\/Leilei-Xie-1024x1024.jpeg 1024w, https:\/\/www.promfest.ee\/wp-content\/uploads\/2025\/08\/Leilei-Xie-300x300.jpeg 300w, https:\/\/www.promfest.ee\/wp-content\/uploads\/2025\/08\/Leilei-Xie-150x150.jpeg 150w, https:\/\/www.promfest.ee\/wp-content\/uploads\/2025\/08\/Leilei-Xie-768x768.jpeg 768w, https:\/\/www.promfest.ee\/wp-content\/uploads\/2025\/08\/Leilei-Xie-12x12.jpeg 12w, https:\/\/www.promfest.ee\/wp-content\/uploads\/2025\/08\/Leilei-Xie.jpeg 1027w\" sizes=\"auto, (max-width: 1024px) 100vw, 1024px\" \/><\/figure><div class=\"wp-block-media-text__content\">\n<h3 class=\"wp-block-heading\"><strong>KAVA \/ PROGRAM<\/strong><br><br><\/h3>\n\n\n\n<p>II VOOR \/ 2ND ROUND<\/p>\n\n\n\n<p>1. Mozart &#8211; Cosi fan tutte &#8211; Ferrando &#8211; Un aura amorosa<br>2. Rossini &#8211; Guillaume Tell &#8211; Arnold &#8211; Asile h\u00e9r\u00e9ditaire .. Amis, secondez ma vengeance<br><\/p>\n\n\n\n<p><br><\/p>\n\n\n\n<p>III VOOR \/ 3RD ROUND<\/p>\n\n\n\n<p>1. Schubert &#8211; Ave Maria<br>2. R.Strauss &#8211; F\u00fcnf Lieder, Op. 10 &#8211; No. 8 Allerseelen<\/p>\n\n\n\n<p><br><\/p>\n\n\n\n<p>IV VOOR \/ 4TH ROUND<\/p>\n\n\n\n<p>1. Stravinsky &#8211; The Rake&#8217;s Progress &#8211; Tom &#8211; Love, Too Frequently Betrayed<br>2. Verdi &#8211; Rigoletto &#8211; Duca &#8211; Ella mi fu rapita .. Possente amor mi chiama<\/p>\n\n\n\n<p><br><\/p>\n\n\n\n<p>FINAAL \/ FINAL ROUND<\/p>\n\n\n\n<p>1. Donizetti &#8211; La Fille du R\u00e9giment &#8211; Tonio &#8211; Ah! mes amis&#8230; Pour mon \u00e2me<br>\u2014\u2014\u2014\u2014\u2014\u2014\u2014\u2014\u2014\u2014\u2014\u2014<br>2. Puccini &#8211; Gianni Schicchi &#8211; Rinuccio &#8211; Avete Torto! .. Firenze \u00e8 come<br>3. Mozart &#8211; Don Giovanni &#8211; Don Ottavio &#8211; Il mio tesoro intanto<br>4. Gounod &#8211; Rom\u00e9o et Juliette &#8211; Rom\u00e9o &#8211; L\u2019amour&#8230; Ah! l\u00eave-toi soleil<\/p>\n<\/div><\/div>\n\n\n\n<section id=\"section-1b7e3253-3544-461f-b411-c6ba73c4ba4b\" class=\"wp-block-gutentor-divider section-1b7e3253-3544-461f-b411-c6ba73c4ba4b gutentor-element gutentor-section gutentor-divider text-center\"><div class=\"grid-container\"><div class=\"gutentor-divider-box\"><span><svg xmlns=\"http:\/\/www.w3.org\/2000\/svg\" viewbox=\"0 0 240 40\" preserveaspectratio=\"none\"><path d=\"M56.2 20c5.3-.1 10.6-.2 16-.3l16-.2c10.6-.1 21.3-.1 31.9-.2 10.6.1 21.3 0 31.9.1l16 .2c5.3.1 10.6.2 16 .3-5.3.1-10.6.2-16 .3l-16 .2c-10.6.1-21.3.1-31.9.1-10.6-.1-21.3 0-31.9-.2l-16-.2c-5.4.1-10.7 0-16-.1z\"><\/path><\/svg><\/span><\/div><\/div><\/section>\n\n\n\n<p><strong>Haridus \/ Education<\/strong><\/p>\n\n\n\n<p>* Cologne University of Music and Dance, MMus with Mario Hoff 2018\u20132021<br>* Zhejiang Conservatory of Music, BMus with Xiansheng Zhang 2013-2017<\/p>\n\n\n\n<p><strong>T\u00e4iend\u00f5pe, konkursid \/ Further studies, competitions<\/strong><\/p>\n\n\n\n<p>* Belcanto masterclasses with Peter Berne 2020<br>* Workshop with Peter Konwitschny 2020<br>* Workshop with Michael Hampe in 2018 and 2019<\/p>\n\n\n\n<p><strong>Erialased kogemused \/ Professional experience<\/strong><\/p>\n\n\n\n<p>* Tamino (Die Zauberfl\u00f6te) &#8211; Theatre for Lower Saxony 2025<br>* Ferulino (Don Chisciott by Garcia) &#8211; Theatre for Lower Saxony 2024<br>* Ganter\/1st Dog (Die Geschichte vom Fuchs, der den Verstand verlor by Wulff-Woeste, 2021), Simple-minded Robber (Der Teufel mit den drei goldenen Haaren by Hanke, 2020) &#8211; Cologne Opera<\/p>\n\n\n\n<p><strong>Tulevikuplaanid \/ Future plans<\/strong><\/p>\n\n\n\n<p>* Almaviva (Il Barbiere di Siviglia) &#8211; Oldenburg State Theatre 2026<br>* Tamino (Die Zauberfl\u00f6te), Duca (Rigoletto) &#8211; Theatre for Lower Saxony 2026<br><strong>Dream Role:<\/strong> Arnold (Guillaume Tell)<\/p>","protected":false},"excerpt":{"rendered":"<p>tenor \/ Hiina<\/p>","protected":false},"author":1,"featured_media":6845,"parent":5257,"menu_order":36,"comment_status":"closed","ping_status":"closed","template":"","meta":{"footnotes":""},"class_list":["post-6838","page","type-page","status-publish","has-post-thumbnail","hentry"],"_links":{"self":[{"href":"https:\/\/www.promfest.ee\/et\/wp-json\/wp\/v2\/pages\/6838","targetHints":{"allow":["GET"]}}],"collection":[{"href":"https:\/\/www.promfest.ee\/et\/wp-json\/wp\/v2\/pages"}],"about":[{"href":"https:\/\/www.promfest.ee\/et\/wp-json\/wp\/v2\/types\/page"}],"author":[{"embeddable":true,"href":"https:\/\/www.promfest.ee\/et\/wp-json\/wp\/v2\/users\/1"}],"replies":[{"embeddable":true,"href":"https:\/\/www.promfest.ee\/et\/wp-json\/wp\/v2\/comments?post=6838"}],"version-history":[{"count":6,"href":"https:\/\/www.promfest.ee\/et\/wp-json\/wp\/v2\/pages\/6838\/revisions"}],"predecessor-version":[{"id":6913,"href":"https:\/\/www.promfest.ee\/et\/wp-json\/wp\/v2\/pages\/6838\/revisions\/6913"}],"up":[{"embeddable":true,"href":"https:\/\/www.promfest.ee\/et\/wp-json\/wp\/v2\/pages\/5257"}],"wp:featuredmedia":[{"embeddable":true,"href":"https:\/\/www.promfest.ee\/et\/wp-json\/wp\/v2\/media\/6845"}],"wp:attachment":[{"href":"https:\/\/www.promfest.ee\/et\/wp-json\/wp\/v2\/media?parent=6838"}],"curies":[{"name":"wp","href":"https:\/\/api.w.org\/{rel}","templated":true}]}}

<h3 class="wp-block-heading has-text-align-left">Leilei Xie</h3>



<h4 class="wp-block-heading">Tenor / 9.01.1993</h4>



<h4 class="wp-block-heading">Hiina / China<br><br></h4>



<div class="wp-block-media-text is-stacked-on-mobile is-vertically-aligned-top" style="grid-template-columns:35% auto"><figure class="wp-block-media-text__media"><img loading="lazy" decoding="async" width="1024" height="1024" src="https://www.promfest.ee/wp-content/uploads/2025/08/Leilei-Xie-1024x1024.jpeg" alt="" class="wp-image-6845 size-full" srcset="https://www.promfest.ee/wp-content/uploads/2025/08/Leilei-Xie-1024x1024.jpeg 1024w, https://www.promfest.ee/wp-content/uploads/2025/08/Leilei-Xie-300x300.jpeg 300w, https://www.promfest.ee/wp-content/uploads/2025/08/Leilei-Xie-150x150.jpeg 150w, https://www.promfest.ee/wp-content/uploads/2025/08/Leilei-Xie-768x768.jpeg 768w, https://www.promfest.ee/wp-content/uploads/2025/08/Leilei-Xie-12x12.jpeg 12w, https://www.promfest.ee/wp-content/uploads/2025/08/Leilei-Xie.jpeg 1027w" sizes="auto, (max-width: 1024px) 100vw, 1024px" /></figure><div class="wp-block-media-text__content">
<h3 class="wp-block-heading"><strong>KAVA / PROGRAM</strong><br><br></h3>



<p>II VOOR / 2ND ROUND</p>



<p>1. Mozart &#8211; Cosi fan tutte &#8211; Ferrando &#8211; Un aura amorosa<br>2. Rossini &#8211; Guillaume Tell &#8211; Arnold &#8211; Asile héréditaire .. Amis, secondez ma vengeance<br></p>



<p><br></p>



<p>III VOOR / 3RD ROUND</p>



<p>1. Schubert &#8211; Ave Maria<br>2. R.Strauss &#8211; Fünf Lieder, Op. 10 &#8211; No. 8 Allerseelen</p>



<p><br></p>



<p>IV VOOR / 4TH ROUND</p>



<p>1. Stravinsky &#8211; The Rake&#8217;s Progress &#8211; Tom &#8211; Love, Too Frequently Betrayed<br>2. Verdi &#8211; Rigoletto &#8211; Duca &#8211; Ella mi fu rapita .. Possente amor mi chiama</p>



<p><br></p>



<p>FINAAL / FINAL ROUND</p>



<p>1. Donizetti &#8211; La Fille du Régiment &#8211; Tonio &#8211; Ah! mes amis&#8230; Pour mon âme<br>————————————<br>2. Puccini &#8211; Gianni Schicchi &#8211; Rinuccio &#8211; Avete Torto! .. Firenze è come<br>3. Mozart &#8211; Don Giovanni &#8211; Don Ottavio &#8211; Il mio tesoro intanto<br>4. Gounod &#8211; Roméo et Juliette &#8211; Roméo &#8211; L’amour&#8230; Ah! lêve-toi soleil</p>
</div></div>



<section id="section-1b7e3253-3544-461f-b411-c6ba73c4ba4b" class="wp-block-gutentor-divider section-1b7e3253-3544-461f-b411-c6ba73c4ba4b gutentor-element gutentor-section gutentor-divider text-center"><div class="grid-container"><div class="gutentor-divider-box"><span><svg xmlns="http://www.w3.org/2000/svg" viewbox="0 0 240 40" preserveaspectratio="none"><path d="M56.2 20c5.3-.1 10.6-.2 16-.3l16-.2c10.6-.1 21.3-.1 31.9-.2 10.6.1 21.3 0 31.9.1l16 .2c5.3.1 10.6.2 16 .3-5.3.1-10.6.2-16 .3l-16 .2c-10.6.1-21.3.1-31.9.1-10.6-.1-21.3 0-31.9-.2l-16-.2c-5.4.1-10.7 0-16-.1z"></path></svg></span></div></div></section>



<p><strong>Haridus / Education</strong></p>



<p>* Cologne University of Music and Dance, MMus with Mario Hoff 2018–2021<br>* Zhejiang Conservatory of Music, BMus with Xiansheng Zhang 2013-2017</p>



<p><strong>Täiendõpe, konkursid / Further studies, competitions</strong></p>



<p>* Belcanto masterclasses with Peter Berne 2020<br>* Workshop with Peter Konwitschny 2020<br>* Workshop with Michael Hampe in 2018 and 2019</p>



<p><strong>Erialased kogemused / Professional experience</strong></p>



<p>* Tamino (Die Zauberflöte) &#8211; Theatre for Lower Saxony 2025<br>* Ferulino (Don Chisciott by Garcia) &#8211; Theatre for Lower Saxony 2024<br>* Ganter/1st Dog (Die Geschichte vom Fuchs, der den Verstand verlor by Wulff-Woeste, 2021), Simple-minded Robber (Der Teufel mit den drei goldenen Haaren by Hanke, 2020) &#8211; Cologne Opera</p>



<p><strong>Tulevikuplaanid / Future plans</strong></p>



<p>* Almaviva (Il Barbiere di Siviglia) &#8211; Oldenburg State Theatre 2026<br>* Tamino (Die Zauberflöte), Duca (Rigoletto) &#8211; Theatre for Lower Saxony 2026<br><strong>Dream Role:</strong> Arnold (Guillaume Tell)</p>
