{"id":6827,"date":"2025-08-12T21:53:06","date_gmt":"2025-08-12T18:53:06","guid":{"rendered":"https:\/\/www.promfest.ee\/competition\/results\/julia-plis-2\/"},"modified":"2025-08-12T21:58:47","modified_gmt":"2025-08-12T18:58:47","slug":"marta-wiktorzak","status":"publish","type":"page","link":"https:\/\/www.promfest.ee\/et\/competition\/results\/marta-wiktorzak\/","title":{"rendered":"Marta Wiktorzak"},"content":{"rendered":"<h3 class=\"wp-block-heading has-text-align-left\">Marta Wiktorzak<\/h3>\n\n\n\n<h4 class=\"wp-block-heading\">Mezzo-soprano \/ 12.05.1998<\/h4>\n\n\n\n<h4 class=\"wp-block-heading\">Poola \/ Poland<br><br><\/h4>\n\n\n\n<div class=\"wp-block-media-text is-stacked-on-mobile is-vertically-aligned-top\" style=\"grid-template-columns:35% auto\"><figure class=\"wp-block-media-text__media\"><img loading=\"lazy\" decoding=\"async\" width=\"1024\" height=\"1024\" src=\"https:\/\/www.promfest.ee\/wp-content\/uploads\/2025\/08\/Marta-Wiktorzak-1024x1024.jpg\" alt=\"\" class=\"wp-image-6836 size-full\" srcset=\"https:\/\/www.promfest.ee\/wp-content\/uploads\/2025\/08\/Marta-Wiktorzak-1024x1024.jpg 1024w, https:\/\/www.promfest.ee\/wp-content\/uploads\/2025\/08\/Marta-Wiktorzak-300x300.jpg 300w, https:\/\/www.promfest.ee\/wp-content\/uploads\/2025\/08\/Marta-Wiktorzak-150x150.jpg 150w, https:\/\/www.promfest.ee\/wp-content\/uploads\/2025\/08\/Marta-Wiktorzak-768x768.jpg 768w, https:\/\/www.promfest.ee\/wp-content\/uploads\/2025\/08\/Marta-Wiktorzak-12x12.jpg 12w, https:\/\/www.promfest.ee\/wp-content\/uploads\/2025\/08\/Marta-Wiktorzak.jpg 1064w\" sizes=\"auto, (max-width: 1024px) 100vw, 1024px\" \/><\/figure><div class=\"wp-block-media-text__content\">\n<h3 class=\"wp-block-heading\"><strong>KAVA \/ PROGRAM<\/strong><br><br><\/h3>\n\n\n\n<p><strong>II VOOR \/ 2ND ROUND<\/strong><\/p>\n\n\n\n<p>1. Mozart &#8211; Le nozze di Figaro &#8211; Cherubino &#8211; Voi che sapete<br>2. Meyerbeer &#8211; Les Hugenots &#8211; Urbain &#8211; Nobles Seigneurs salut!<\/p>\n\n\n\n<p><br><\/p>\n\n\n\n<p><strong>III VOOR \/ 3RD ROUND<\/strong><\/p>\n\n\n\n<p>1. Schubert &#8211; Ave Maria<br>2. Sibelius &#8211; Svarta rosor, Op. 36 No. 1<br>3. Szymanowski &#8211; U jeziorecka, Op. 58 No. 4<\/p>\n\n\n\n<p><br><\/p>\n\n\n\n<p>IV VOOR \/ 4TH ROUND<\/p>\n\n\n\n<p>1. Gluck &#8211; Orph\u00e9e et Eurydice &#8211; Orph\u00e9e &#8211; Qu&#8217;entends-je? .. Amour, viens rendre \u00e0 mon \u00e2me<br>2. Menotti &#8211; The Hero &#8211; Mildret Murphy &#8211; Look at All Those Things<\/p>\n\n\n\n<p><br><\/p>\n\n\n\n<p>FINAAL \/ FINAL ROUND<\/p>\n\n\n\n<p>1. Gounod &#8211; Rom\u00e9o et Juliette &#8211; Stefano &#8211; Que fais-tu, blanche tourterelle?<br>\u2014\u2014\u2014\u2014\u2014\u2014\u2014\u2014\u2014\u2014\u2014\u2014<br>2. Rossini &#8211; Il Barbiere di Siviglia &#8211; Rosina &#8211; Una voce poco fa<br>3. Mozart &#8211; La clemenza di Tito &#8211; Sesto &#8211; Parto, parto<br>4. Offenbach &#8211; Les Contes d&#8217;Hoffmann &#8211; Nicklausse &#8211; C&#8217;est l&#8217;amour vainqueur<\/p>\n<\/div><\/div>\n\n\n\n<section id=\"section-2fad8bc4-2c12-4f74-b71a-73fe72a84491\" class=\"wp-block-gutentor-divider section-2fad8bc4-2c12-4f74-b71a-73fe72a84491 gutentor-element gutentor-section gutentor-divider text-center\"><div class=\"grid-container\"><div class=\"gutentor-divider-box\"><span><svg xmlns=\"http:\/\/www.w3.org\/2000\/svg\" viewbox=\"0 0 240 40\" preserveaspectratio=\"none\"><path d=\"M56.2 20c5.3-.1 10.6-.2 16-.3l16-.2c10.6-.1 21.3-.1 31.9-.2 10.6.1 21.3 0 31.9.1l16 .2c5.3.1 10.6.2 16 .3-5.3.1-10.6.2-16 .3l-16 .2c-10.6.1-21.3.1-31.9.1-10.6-.1-21.3 0-31.9-.2l-16-.2c-5.4.1-10.7 0-16-.1z\"><\/path><\/svg><\/span><\/div><\/div><\/section>\n\n\n\n<p><strong>Haridus \/ Education<\/strong><\/p>\n\n\n\n<p>* Chopin University of Music in Warsaw, BMus with Agnieszka Kurowska-Janecka 2025<br>* Young Talents Development Programme, National Theatre in Warsaw, with Olga Pasiecznik, Izabela K\u0142osi\u0144ska, Micha\u0142 Biel, Sophia Munoz, Katelan Tran-Terrel, 2024 &#8211; present<\/p>\n\n\n\n<p><strong>T\u00e4iend\u00f5pe, konkursid \/ Further studies, competitions<\/strong><\/p>\n\n\n\n<p>* Finalist &#8211; 5th International Adam Didur Opera Singers Competition in Poland, November 2024<br>* Second Prize &#8211; National Krystyna Jamroz Vocal Competition in Poland, April 2025<br>* Masterclasses with Marek Rzepka and Claudia Visca &#8211; International Singer Academy Michaelstein, October 2024<\/p>\n\n\n\n<p><strong>Erialased kogemused \/ Professional experience<\/strong><\/p>\n\n\n\n<p>* Songs by Moniuszko, Lysenko, Sibelius and Smetana \u2013 Polish National Opera &#8211; available on OperaVision &#8211; December 2024<br>* Secret Life of Painting &#8211; Polish National Opera &#8211; available on OperaVision &#8211; May 2025<\/p>\n\n\n\n<p><strong>Tulevikuplaanid \/ Future plans<\/strong><\/p>\n\n\n\n<p>* Zweite Dame (Die Zauberfl\u00f6te) &#8211; Polish National Opera, December 2025<br><strong>Dream Role:<\/strong> Rosina (Il barbiere di Siviglia)<\/p>","protected":false},"excerpt":{"rendered":"<p>metsosopran \/ Poola<\/p>","protected":false},"author":1,"featured_media":6836,"parent":5257,"menu_order":6,"comment_status":"closed","ping_status":"closed","template":"","meta":{"footnotes":""},"class_list":["post-6827","page","type-page","status-publish","has-post-thumbnail","hentry"],"_links":{"self":[{"href":"https:\/\/www.promfest.ee\/et\/wp-json\/wp\/v2\/pages\/6827","targetHints":{"allow":["GET"]}}],"collection":[{"href":"https:\/\/www.promfest.ee\/et\/wp-json\/wp\/v2\/pages"}],"about":[{"href":"https:\/\/www.promfest.ee\/et\/wp-json\/wp\/v2\/types\/page"}],"author":[{"embeddable":true,"href":"https:\/\/www.promfest.ee\/et\/wp-json\/wp\/v2\/users\/1"}],"replies":[{"embeddable":true,"href":"https:\/\/www.promfest.ee\/et\/wp-json\/wp\/v2\/comments?post=6827"}],"version-history":[{"count":5,"href":"https:\/\/www.promfest.ee\/et\/wp-json\/wp\/v2\/pages\/6827\/revisions"}],"predecessor-version":[{"id":6837,"href":"https:\/\/www.promfest.ee\/et\/wp-json\/wp\/v2\/pages\/6827\/revisions\/6837"}],"up":[{"embeddable":true,"href":"https:\/\/www.promfest.ee\/et\/wp-json\/wp\/v2\/pages\/5257"}],"wp:featuredmedia":[{"embeddable":true,"href":"https:\/\/www.promfest.ee\/et\/wp-json\/wp\/v2\/media\/6836"}],"wp:attachment":[{"href":"https:\/\/www.promfest.ee\/et\/wp-json\/wp\/v2\/media?parent=6827"}],"curies":[{"name":"wp","href":"https:\/\/api.w.org\/{rel}","templated":true}]}}

<h3 class="wp-block-heading has-text-align-left">Marta Wiktorzak</h3>



<h4 class="wp-block-heading">Mezzo-soprano / 12.05.1998</h4>



<h4 class="wp-block-heading">Poola / Poland<br><br></h4>



<div class="wp-block-media-text is-stacked-on-mobile is-vertically-aligned-top" style="grid-template-columns:35% auto"><figure class="wp-block-media-text__media"><img loading="lazy" decoding="async" width="1024" height="1024" src="https://www.promfest.ee/wp-content/uploads/2025/08/Marta-Wiktorzak-1024x1024.jpg" alt="" class="wp-image-6836 size-full" srcset="https://www.promfest.ee/wp-content/uploads/2025/08/Marta-Wiktorzak-1024x1024.jpg 1024w, https://www.promfest.ee/wp-content/uploads/2025/08/Marta-Wiktorzak-300x300.jpg 300w, https://www.promfest.ee/wp-content/uploads/2025/08/Marta-Wiktorzak-150x150.jpg 150w, https://www.promfest.ee/wp-content/uploads/2025/08/Marta-Wiktorzak-768x768.jpg 768w, https://www.promfest.ee/wp-content/uploads/2025/08/Marta-Wiktorzak-12x12.jpg 12w, https://www.promfest.ee/wp-content/uploads/2025/08/Marta-Wiktorzak.jpg 1064w" sizes="auto, (max-width: 1024px) 100vw, 1024px" /></figure><div class="wp-block-media-text__content">
<h3 class="wp-block-heading"><strong>KAVA / PROGRAM</strong><br><br></h3>



<p><strong>II VOOR / 2ND ROUND</strong></p>



<p>1. Mozart &#8211; Le nozze di Figaro &#8211; Cherubino &#8211; Voi che sapete<br>2. Meyerbeer &#8211; Les Hugenots &#8211; Urbain &#8211; Nobles Seigneurs salut!</p>



<p><br></p>



<p><strong>III VOOR / 3RD ROUND</strong></p>



<p>1. Schubert &#8211; Ave Maria<br>2. Sibelius &#8211; Svarta rosor, Op. 36 No. 1<br>3. Szymanowski &#8211; U jeziorecka, Op. 58 No. 4</p>



<p><br></p>



<p>IV VOOR / 4TH ROUND</p>



<p>1. Gluck &#8211; Orphée et Eurydice &#8211; Orphée &#8211; Qu&#8217;entends-je? .. Amour, viens rendre à mon âme<br>2. Menotti &#8211; The Hero &#8211; Mildret Murphy &#8211; Look at All Those Things</p>



<p><br></p>



<p>FINAAL / FINAL ROUND</p>



<p>1. Gounod &#8211; Roméo et Juliette &#8211; Stefano &#8211; Que fais-tu, blanche tourterelle?<br>————————————<br>2. Rossini &#8211; Il Barbiere di Siviglia &#8211; Rosina &#8211; Una voce poco fa<br>3. Mozart &#8211; La clemenza di Tito &#8211; Sesto &#8211; Parto, parto<br>4. Offenbach &#8211; Les Contes d&#8217;Hoffmann &#8211; Nicklausse &#8211; C&#8217;est l&#8217;amour vainqueur</p>
</div></div>



<section id="section-2fad8bc4-2c12-4f74-b71a-73fe72a84491" class="wp-block-gutentor-divider section-2fad8bc4-2c12-4f74-b71a-73fe72a84491 gutentor-element gutentor-section gutentor-divider text-center"><div class="grid-container"><div class="gutentor-divider-box"><span><svg xmlns="http://www.w3.org/2000/svg" viewbox="0 0 240 40" preserveaspectratio="none"><path d="M56.2 20c5.3-.1 10.6-.2 16-.3l16-.2c10.6-.1 21.3-.1 31.9-.2 10.6.1 21.3 0 31.9.1l16 .2c5.3.1 10.6.2 16 .3-5.3.1-10.6.2-16 .3l-16 .2c-10.6.1-21.3.1-31.9.1-10.6-.1-21.3 0-31.9-.2l-16-.2c-5.4.1-10.7 0-16-.1z"></path></svg></span></div></div></section>



<p><strong>Haridus / Education</strong></p>



<p>* Chopin University of Music in Warsaw, BMus with Agnieszka Kurowska-Janecka 2025<br>* Young Talents Development Programme, National Theatre in Warsaw, with Olga Pasiecznik, Izabela Kłosińska, Michał Biel, Sophia Munoz, Katelan Tran-Terrel, 2024 &#8211; present</p>



<p><strong>Täiendõpe, konkursid / Further studies, competitions</strong></p>



<p>* Finalist &#8211; 5th International Adam Didur Opera Singers Competition in Poland, November 2024<br>* Second Prize &#8211; National Krystyna Jamroz Vocal Competition in Poland, April 2025<br>* Masterclasses with Marek Rzepka and Claudia Visca &#8211; International Singer Academy Michaelstein, October 2024</p>



<p><strong>Erialased kogemused / Professional experience</strong></p>



<p>* Songs by Moniuszko, Lysenko, Sibelius and Smetana – Polish National Opera &#8211; available on OperaVision &#8211; December 2024<br>* Secret Life of Painting &#8211; Polish National Opera &#8211; available on OperaVision &#8211; May 2025</p>



<p><strong>Tulevikuplaanid / Future plans</strong></p>



<p>* Zweite Dame (Die Zauberflöte) &#8211; Polish National Opera, December 2025<br><strong>Dream Role:</strong> Rosina (Il barbiere di Siviglia)</p>
