{"id":6339,"date":"2025-05-30T23:26:51","date_gmt":"2025-05-30T20:26:51","guid":{"rendered":"https:\/\/www.promfest.ee\/?page_id=6339"},"modified":"2025-06-25T03:53:07","modified_gmt":"2025-06-25T00:53:07","slug":"jerome-gay","status":"publish","type":"page","link":"https:\/\/www.promfest.ee\/et\/competition\/jury\/jerome-gay\/","title":{"rendered":"J\u00e9r\u00f4me Gay"},"content":{"rendered":"<p>With a solid musical background and a master&#8217;s degree in cultural policy from Paris Sorbonne, J\u00e9r\u00f4me Gay first became involved in music as a double bass player. For many years, he performed in a large number of orchestras as a soloist and chamber musician. He has worked under such great conductors as Lorin Maazel and Daniel Barenboim. At the same time, he devoted considerable time to teaching his instrument around 2000.<br>His career took a new direction in 2003, when he was appointed Deputy General Director of the Op\u00e9ra de Toulon Provence M\u00e9diterran\u00e9e, then Artistic Director. He is also program advisor to the Festival Pr\u00e9sences F\u00e9minines, the only festival in France whose artistic focus is on women composers of all periods. From this point onwards, he was resolutely committed to promoting the network of orchestras and operas. This is how he became involved with the R\u00e9union des Op\u00e9ras de France and the Association Fran\u00e7aise des Orchestres. In 2010, he was elected secretary of the Chambre Professionnelle des Directions d&#8217;Op\u00e9ra, then of Forces Musicales, as well as the secretary of the Centre Fran\u00e7ais de Promotion<br>Lyrique.<br>Passionate about the vocal arts, he conducts extensive heritage research to unearth and disseminate rare scores designed to enhance the operatic repertoire and contribute to its development and diversification. He is currently the President of G\u00e9n\u00e9ration Op\u00e9ra, the largest opera association in France, working to identify and promote the professional integration of young opera artists, and Artistic Director of the Pr\u00e9sences Compositrices record label.<\/p>\n\n\n\n<p><\/p>","protected":false},"excerpt":{"rendered":"<p>Gen\u00e9ration Op\u00e9ra<br \/>\nPrantsusmaa Ooperi\u00fchendus<br \/>\npresident<\/p>","protected":false},"author":2,"featured_media":6349,"parent":9,"menu_order":3,"comment_status":"closed","ping_status":"closed","template":"","meta":{"footnotes":""},"class_list":["post-6339","page","type-page","status-publish","has-post-thumbnail","hentry"],"_links":{"self":[{"href":"https:\/\/www.promfest.ee\/et\/wp-json\/wp\/v2\/pages\/6339","targetHints":{"allow":["GET"]}}],"collection":[{"href":"https:\/\/www.promfest.ee\/et\/wp-json\/wp\/v2\/pages"}],"about":[{"href":"https:\/\/www.promfest.ee\/et\/wp-json\/wp\/v2\/types\/page"}],"author":[{"embeddable":true,"href":"https:\/\/www.promfest.ee\/et\/wp-json\/wp\/v2\/users\/2"}],"replies":[{"embeddable":true,"href":"https:\/\/www.promfest.ee\/et\/wp-json\/wp\/v2\/comments?post=6339"}],"version-history":[{"count":5,"href":"https:\/\/www.promfest.ee\/et\/wp-json\/wp\/v2\/pages\/6339\/revisions"}],"predecessor-version":[{"id":6348,"href":"https:\/\/www.promfest.ee\/et\/wp-json\/wp\/v2\/pages\/6339\/revisions\/6348"}],"up":[{"embeddable":true,"href":"https:\/\/www.promfest.ee\/et\/wp-json\/wp\/v2\/pages\/9"}],"wp:featuredmedia":[{"embeddable":true,"href":"https:\/\/www.promfest.ee\/et\/wp-json\/wp\/v2\/media\/6349"}],"wp:attachment":[{"href":"https:\/\/www.promfest.ee\/et\/wp-json\/wp\/v2\/media?parent=6339"}],"curies":[{"name":"wp","href":"https:\/\/api.w.org\/{rel}","templated":true}]}}

Jérôme Gay

<p>With a solid musical background and a master&#8217;s degree in cultural policy from Paris Sorbonne, Jérôme Gay first became involved in music as a double bass player. For many years, he performed in a large number of orchestras as a soloist and chamber musician. He has worked under such great conductors as Lorin Maazel and Daniel Barenboim. At the same time, he devoted considerable time to teaching his instrument around 2000.<br>His career took a new direction in 2003, when he was appointed Deputy General Director of the Opéra de Toulon Provence Méditerranée, then Artistic Director. He is also program advisor to the Festival Présences Féminines, the only festival in France whose artistic focus is on women composers of all periods. From this point onwards, he was resolutely committed to promoting the network of orchestras and operas. This is how he became involved with the Réunion des Opéras de France and the Association Française des Orchestres. In 2010, he was elected secretary of the Chambre Professionnelle des Directions d&#8217;Opéra, then of Forces Musicales, as well as the secretary of the Centre Français de Promotion<br>Lyrique.<br>Passionate about the vocal arts, he conducts extensive heritage research to unearth and disseminate rare scores designed to enhance the operatic repertoire and contribute to its development and diversification. He is currently the President of Génération Opéra, the largest opera association in France, working to identify and promote the professional integration of young opera artists, and Artistic Director of the Présences Compositrices record label.</p>



<p></p>

<p>Genération Opéra<br />
Prantsusmaa Ooperiühendus<br />
president</p>
