{"id":4820,"date":"2023-08-21T15:39:37","date_gmt":"2023-08-21T12:39:37","guid":{"rendered":"https:\/\/www.promfest.ee\/?page_id=4820"},"modified":"2025-08-31T22:19:22","modified_gmt":"2025-08-31T19:19:22","slug":"solene-le-van","status":"publish","type":"page","link":"https:\/\/www.promfest.ee\/et\/competition\/results\/solene-le-van\/","title":{"rendered":"Sol\u00e8ne Le Van"},"content":{"rendered":"<h3 class=\"wp-block-heading has-text-align-left\">Sol\u00e8ne Le Van<\/h3>\n\n\n\n<h4 class=\"wp-block-heading\">Soprano \/ 24.07.1997<\/h4>\n\n\n\n<h4 class=\"wp-block-heading\">Ameerika \u00dchendriigid \/ USA<br><br><\/h4>\n\n\n\n<div class=\"wp-block-media-text is-stacked-on-mobile is-vertically-aligned-top\" style=\"grid-template-columns:35% auto\"><figure class=\"wp-block-media-text__media\"><img loading=\"lazy\" decoding=\"async\" width=\"949\" height=\"949\" src=\"https:\/\/www.promfest.ee\/wp-content\/uploads\/2025\/08\/Solene-Le-Van-Headshot.jpg\" alt=\"\" class=\"wp-image-6915 size-full\" srcset=\"https:\/\/www.promfest.ee\/wp-content\/uploads\/2025\/08\/Solene-Le-Van-Headshot.jpg 949w, https:\/\/www.promfest.ee\/wp-content\/uploads\/2025\/08\/Solene-Le-Van-Headshot-300x300.jpg 300w, https:\/\/www.promfest.ee\/wp-content\/uploads\/2025\/08\/Solene-Le-Van-Headshot-150x150.jpg 150w, https:\/\/www.promfest.ee\/wp-content\/uploads\/2025\/08\/Solene-Le-Van-Headshot-768x768.jpg 768w, https:\/\/www.promfest.ee\/wp-content\/uploads\/2025\/08\/Solene-Le-Van-Headshot-12x12.jpg 12w\" sizes=\"auto, (max-width: 949px) 100vw, 949px\" \/><\/figure><div class=\"wp-block-media-text__content\">\n<h3 class=\"wp-block-heading\"><strong>KAVA \/ PROGRAM<\/strong><br><br><\/h3>\n\n\n\n<p>II VOOR \/ 2ND ROUND<\/p>\n\n\n\n<p>1. Mozart &#8211; Don Giovanni &#8211; Donna Elvira &#8211; Mi trad\u00ec quell&#8217;alma ingrata<br>2. Leh\u00e1r &#8211; Giuditta &#8211; Giuditta &#8211; Meine Lippen, sie k\u00fcssen so hei\u00df<\/p>\n\n\n\n<p><br><\/p>\n\n\n\n<p>III VOOR \/ 3RD ROUND<\/p>\n\n\n\n<p>1. Korngold &#8211; Sechs Einfache Lieder Op. 9 No. 6 Sommer<br>2. Massenet &#8211; \u00catre aim\u00e9<br>3. Schubert &#8211; Ave Maria<\/p>\n\n\n\n<p><br><\/p>\n\n\n\n<p>IV VOOR \/ 4TH ROUND<\/p>\n\n\n\n<p>1. Verdi &#8211; La traviata &#8211; Violetta &#8211; E strano .. ah, forse e lui .. Sempre libera<br>2. Dove &#8211; Flight &#8211; Terry &#8211; Down you Go<\/p>\n\n\n\n<p><br><\/p>\n\n\n\n<p>FINAAL \/ FINAL ROUND<\/p>\n\n\n\n<p>1. J.Strauss &#8211; Die Fledermaus &#8211; Rosalinde &#8211; Kl\u00e4nge der Heimat<br>\u2014\u2014\u2014\u2014\u2014\u2014\u2014\u2014\u2014\u2014\u2014\u2014<br>2. Verdi &#8211; La traviata &#8211; Violetta &#8211; Addio del passato<br>3. Dvorak &#8211; Rusalka &#8211; Rusalka &#8211; Mesicku na nebi hlubokem<br>4. Verdi &#8211; Otello &#8211; Desdemona &#8211; Canzone del Salce<\/p>\n<\/div><\/div>\n\n\n\n<section id=\"section-a3f732aa-a0dd-4bac-b247-896da83ef43c\" class=\"wp-block-gutentor-divider section-a3f732aa-a0dd-4bac-b247-896da83ef43c gutentor-element gutentor-section gutentor-divider text-center\"><div class=\"grid-container\"><div class=\"gutentor-divider-box\"><span><svg xmlns=\"http:\/\/www.w3.org\/2000\/svg\" viewbox=\"0 0 240 40\" preserveaspectratio=\"none\"><path d=\"M56.2 20c5.3-.1 10.6-.2 16-.3l16-.2c10.6-.1 21.3-.1 31.9-.2 10.6.1 21.3 0 31.9.1l16 .2c5.3.1 10.6.2 16 .3-5.3.1-10.6.2-16 .3l-16 .2c-10.6.1-21.3.1-31.9.1-10.6-.1-21.3 0-31.9-.2l-16-.2c-5.4.1-10.7 0-16-.1z\"><\/path><\/svg><\/span><\/div><\/div><\/section>\n\n\n\n<p><strong>Haridus \/ Education<\/strong><\/p>\n\n\n\n<p>* Jon Fredric West Vocal Academy, with Jon Fredric West, 2019-2025<br>* Indiana University Jacobs School of Music, MMus with Carlos Montan\u00e9, 2025<br>* Princeton University, BMus with Gabriel Crouch 2020&nbsp;<br>* Royal College of Music London, Voice\/Violin Dual Study with Russel Smythe (First Class Honors, 2016)<\/p>\n\n\n\n<p><strong>T\u00e4iend\u00f5pe, konkursid \/ Further studies, competitions<\/strong><\/p>\n\n\n\n<p>* Quarterfinalist &#8211; ARD International Competition 2024<br>* Grand Prize Winner &#8211; Classicalia Global Competition, Vienna, PBS broadcast 2022<br>* First Prize &#8211; L\u00e9opold Bellan International Competition 2021<br>* Absolute Winner &#8211; Danubia Talents Liszt International Competition 2021<\/p>\n\n\n\n<p><strong>Erialased kogemused \/ Professional experience<\/strong><\/p>\n\n\n\n<p>* Musetta, Mimi &#8211; 150th Caruso Anniversary Tour with Th\u00fcringen Philharmonie, Alte Oper Frankfurt 2023<br>* Soloist Wagner Gala &#8211; Markgr\u00e4fliches Opernhaus Bayreuth 2022<br>* Marie (La fille du r\u00e9giment) \u2013 Musikverein Vienna \/ Konzerthaus Vienna \/ Opera Buffs, Los Angeles \/ Gy\u00f6r Philharmonic 2022\/2023<br>* Manon, Juliette &#8211; New York Chamber Festival 2023-2024<\/p>\n\n\n\n<p><strong>Tulevikuplaanid \/ Future plans<\/strong><\/p>\n\n\n\n<p>* Musetta, Mica\u00ebla &#8211; National Opera and Ballet Theatre Romania &#8220;Oleg Danovski&#8221; 2026<br>* Desdemona (Otello) \u2013 Inaugural production, Opera Orchestra of San Francisco 2026<br><strong>Dream Roles: <\/strong>Violetta (La traviata), Manon (Massenet), Desdemona (Otello)<\/p>","protected":false},"excerpt":{"rendered":"<p>sopran \/ USA<\/p>","protected":false},"author":2,"featured_media":6915,"parent":5257,"menu_order":33,"comment_status":"closed","ping_status":"closed","template":"","meta":{"footnotes":""},"class_list":["post-4820","page","type-page","status-publish","has-post-thumbnail","hentry"],"_links":{"self":[{"href":"https:\/\/www.promfest.ee\/et\/wp-json\/wp\/v2\/pages\/4820","targetHints":{"allow":["GET"]}}],"collection":[{"href":"https:\/\/www.promfest.ee\/et\/wp-json\/wp\/v2\/pages"}],"about":[{"href":"https:\/\/www.promfest.ee\/et\/wp-json\/wp\/v2\/types\/page"}],"author":[{"embeddable":true,"href":"https:\/\/www.promfest.ee\/et\/wp-json\/wp\/v2\/users\/2"}],"replies":[{"embeddable":true,"href":"https:\/\/www.promfest.ee\/et\/wp-json\/wp\/v2\/comments?post=4820"}],"version-history":[{"count":13,"href":"https:\/\/www.promfest.ee\/et\/wp-json\/wp\/v2\/pages\/4820\/revisions"}],"predecessor-version":[{"id":6971,"href":"https:\/\/www.promfest.ee\/et\/wp-json\/wp\/v2\/pages\/4820\/revisions\/6971"}],"up":[{"embeddable":true,"href":"https:\/\/www.promfest.ee\/et\/wp-json\/wp\/v2\/pages\/5257"}],"wp:featuredmedia":[{"embeddable":true,"href":"https:\/\/www.promfest.ee\/et\/wp-json\/wp\/v2\/media\/6915"}],"wp:attachment":[{"href":"https:\/\/www.promfest.ee\/et\/wp-json\/wp\/v2\/media?parent=4820"}],"curies":[{"name":"wp","href":"https:\/\/api.w.org\/{rel}","templated":true}]}}

Solène Le Van

<h3 class="wp-block-heading has-text-align-left">Solène Le Van</h3>



<h4 class="wp-block-heading">Soprano / 24.07.1997</h4>



<h4 class="wp-block-heading">Ameerika Ühendriigid / USA<br><br></h4>



<div class="wp-block-media-text is-stacked-on-mobile is-vertically-aligned-top" style="grid-template-columns:35% auto"><figure class="wp-block-media-text__media"><img loading="lazy" decoding="async" width="949" height="949" src="https://www.promfest.ee/wp-content/uploads/2025/08/Solene-Le-Van-Headshot.jpg" alt="" class="wp-image-6915 size-full" srcset="https://www.promfest.ee/wp-content/uploads/2025/08/Solene-Le-Van-Headshot.jpg 949w, https://www.promfest.ee/wp-content/uploads/2025/08/Solene-Le-Van-Headshot-300x300.jpg 300w, https://www.promfest.ee/wp-content/uploads/2025/08/Solene-Le-Van-Headshot-150x150.jpg 150w, https://www.promfest.ee/wp-content/uploads/2025/08/Solene-Le-Van-Headshot-768x768.jpg 768w, https://www.promfest.ee/wp-content/uploads/2025/08/Solene-Le-Van-Headshot-12x12.jpg 12w" sizes="auto, (max-width: 949px) 100vw, 949px" /></figure><div class="wp-block-media-text__content">
<h3 class="wp-block-heading"><strong>KAVA / PROGRAM</strong><br><br></h3>



<p>II VOOR / 2ND ROUND</p>



<p>1. Mozart &#8211; Don Giovanni &#8211; Donna Elvira &#8211; Mi tradì quell&#8217;alma ingrata<br>2. Lehár &#8211; Giuditta &#8211; Giuditta &#8211; Meine Lippen, sie küssen so heiß</p>



<p><br></p>



<p>III VOOR / 3RD ROUND</p>



<p>1. Korngold &#8211; Sechs Einfache Lieder Op. 9 No. 6 Sommer<br>2. Massenet &#8211; Être aimé<br>3. Schubert &#8211; Ave Maria</p>



<p><br></p>



<p>IV VOOR / 4TH ROUND</p>



<p>1. Verdi &#8211; La traviata &#8211; Violetta &#8211; E strano .. ah, forse e lui .. Sempre libera<br>2. Dove &#8211; Flight &#8211; Terry &#8211; Down you Go</p>



<p><br></p>



<p>FINAAL / FINAL ROUND</p>



<p>1. J.Strauss &#8211; Die Fledermaus &#8211; Rosalinde &#8211; Klänge der Heimat<br>————————————<br>2. Verdi &#8211; La traviata &#8211; Violetta &#8211; Addio del passato<br>3. Dvorak &#8211; Rusalka &#8211; Rusalka &#8211; Mesicku na nebi hlubokem<br>4. Verdi &#8211; Otello &#8211; Desdemona &#8211; Canzone del Salce</p>
</div></div>



<section id="section-a3f732aa-a0dd-4bac-b247-896da83ef43c" class="wp-block-gutentor-divider section-a3f732aa-a0dd-4bac-b247-896da83ef43c gutentor-element gutentor-section gutentor-divider text-center"><div class="grid-container"><div class="gutentor-divider-box"><span><svg xmlns="http://www.w3.org/2000/svg" viewbox="0 0 240 40" preserveaspectratio="none"><path d="M56.2 20c5.3-.1 10.6-.2 16-.3l16-.2c10.6-.1 21.3-.1 31.9-.2 10.6.1 21.3 0 31.9.1l16 .2c5.3.1 10.6.2 16 .3-5.3.1-10.6.2-16 .3l-16 .2c-10.6.1-21.3.1-31.9.1-10.6-.1-21.3 0-31.9-.2l-16-.2c-5.4.1-10.7 0-16-.1z"></path></svg></span></div></div></section>



<p><strong>Haridus / Education</strong></p>



<p>* Jon Fredric West Vocal Academy, with Jon Fredric West, 2019-2025<br>* Indiana University Jacobs School of Music, MMus with Carlos Montané, 2025<br>* Princeton University, BMus with Gabriel Crouch 2020&nbsp;<br>* Royal College of Music London, Voice/Violin Dual Study with Russel Smythe (First Class Honors, 2016)</p>



<p><strong>Täiendõpe, konkursid / Further studies, competitions</strong></p>



<p>* Quarterfinalist &#8211; ARD International Competition 2024<br>* Grand Prize Winner &#8211; Classicalia Global Competition, Vienna, PBS broadcast 2022<br>* First Prize &#8211; Léopold Bellan International Competition 2021<br>* Absolute Winner &#8211; Danubia Talents Liszt International Competition 2021</p>



<p><strong>Erialased kogemused / Professional experience</strong></p>



<p>* Musetta, Mimi &#8211; 150th Caruso Anniversary Tour with Thüringen Philharmonie, Alte Oper Frankfurt 2023<br>* Soloist Wagner Gala &#8211; Markgräfliches Opernhaus Bayreuth 2022<br>* Marie (La fille du régiment) – Musikverein Vienna / Konzerthaus Vienna / Opera Buffs, Los Angeles / Györ Philharmonic 2022/2023<br>* Manon, Juliette &#8211; New York Chamber Festival 2023-2024</p>



<p><strong>Tulevikuplaanid / Future plans</strong></p>



<p>* Musetta, Micaëla &#8211; National Opera and Ballet Theatre Romania &#8220;Oleg Danovski&#8221; 2026<br>* Desdemona (Otello) – Inaugural production, Opera Orchestra of San Francisco 2026<br><strong>Dream Roles: </strong>Violetta (La traviata), Manon (Massenet), Desdemona (Otello)</p>
