{"id":2750,"date":"2021-09-13T11:30:11","date_gmt":"2021-09-13T11:30:11","guid":{"rendered":"https:\/\/www.promfest.ee\/?page_id=2750"},"modified":"2025-06-25T02:33:43","modified_gmt":"2025-06-24T23:33:43","slug":"cervinek","status":"publish","type":"page","link":"https:\/\/www.promfest.ee\/et\/cervinek\/","title":{"rendered":"Robin \u010cervinek"},"content":{"rendered":"<h3 class=\"has-text-align-left wp-block-heading\">Robin \u010cervinek<\/h3>\n\n\n\n<h4 class=\"wp-block-heading\">Baritone \/ 1994-01-17<\/h4>\n\n\n\n<p><strong>T\u0161ehhi \/ Czech<\/strong><\/p>\n\n\n\n<div class=\"wp-block-media-text alignwide is-stacked-on-mobile is-vertically-aligned-top\" style=\"grid-template-columns:34% auto\"><figure class=\"wp-block-media-text__media\"><img loading=\"lazy\" decoding=\"async\" width=\"266\" height=\"400\" src=\"https:\/\/www.promfest.ee\/wp-content\/uploads\/2021\/09\/Robin_Cervinek.jpg\" alt=\"\" class=\"wp-image-2768 size-full\" srcset=\"https:\/\/www.promfest.ee\/wp-content\/uploads\/2021\/09\/Robin_Cervinek.jpg 266w, https:\/\/www.promfest.ee\/wp-content\/uploads\/2021\/09\/Robin_Cervinek-200x300.jpg 200w, https:\/\/www.promfest.ee\/wp-content\/uploads\/2021\/09\/Robin_Cervinek-8x12.jpg 8w\" sizes=\"auto, (max-width: 266px) 100vw, 266px\" \/><\/figure><div class=\"wp-block-media-text__content\">\n<h3 class=\"wp-block-heading\"><strong>KAVA \/ PROGRAM<\/strong><\/h3>\n\n\n\n<p>II VOOR \/ 2ND ROUND<\/p>\n\n\n\n<p>Mozart &#8211; Cosi fan tutte &#8211; Gulielmo &#8211; Rivolgete a lui lo sguardo<br>Donizetti &#8211; Don Pasquale &#8211; Malatesta &#8211; Bella siccome un angelo<\/p>\n\n\n\n<p><br><\/p>\n\n\n\n<p>III VOOR \/ 3RD ROUND<\/p>\n\n\n\n<p>Schubert &#8211; Ave Maria<br>Schubert &#8211; Gruppe aus dem Tartarus<\/p>\n\n\n\n<p><strong><br><\/strong><\/p>\n\n\n\n<p>IV VOOR \/ 4TH ROUND<\/p>\n\n\n\n<p>Menotti &#8211; The Old Maid and the Thief &#8211; Bob &#8211; When The Air Sings of Summer<br>Mozart &#8211; Le nozze di Figaro &#8211; Conte Almaviva &#8211; Hai gi\u00e0 vinta la causa<\/p>\n\n\n\n<p><br><\/p>\n\n\n\n<p>FINAAL \/ FINAL ROUND<\/p>\n\n\n\n<p>Rossini &#8211; Il Barbiere di Siviglia &#8211; Figaro &#8211; Largo al factotum<br>\u2014\u2014\u2014\u2014\u2014\u2014\u2014\u2014\u2014\u2014\u2014\u2014<br>Leoncavallo &#8211; I Pagliacci &#8211; Tonio &#8211; Si puo?<br>Gounod &#8211; Faust &#8211; Valentin &#8211; Avant de quitter ces lieux<br>Korngold &#8211; Die Tote Stadt &#8211; Fritz &#8211; Mein Sehnen, mein W\u00e4hnen<\/p>\n<\/div><\/div>\n\n\n\n<section id=\"section-75777e12-5adc-41db-b81d-c029482fde60\" class=\"wp-block-gutentor-divider section-75777e12-5adc-41db-b81d-c029482fde60 gutentor-element gutentor-section gutentor-divider text-center\"><div class=\"grid-container\"><div class=\"gutentor-divider-box\"><span><svg xmlns=\"http:\/\/www.w3.org\/2000\/svg\" viewbox=\"0 0 240 40\" preserveaspectratio=\"none\"><path d=\"M56.2 20c5.3-.1 10.6-.2 16-.3l16-.2c10.6-.1 21.3-.1 31.9-.2 10.6.1 21.3 0 31.9.1l16 .2c5.3.1 10.6.2 16 .3-5.3.1-10.6.2-16 .3l-16 .2c-10.6.1-21.3.1-31.9.1-10.6-.1-21.3 0-31.9-.2l-16-.2c-5.4.1-10.7 0-16-.1z\"><\/path><\/svg><\/span><\/div><\/div><\/section>\n\n\n\n<p><strong>Haridus \/ Education<\/strong><\/p>\n\n\n\n<p>Janacek Academy of Music and Performing Arts Brno (2016-21, Zden\u011bk \u0160muka\u0159)<br>MDW Wien (since 2020, Margit Klaushofer)<\/p>\n\n\n\n<p><br><\/p>\n\n\n\n<p><strong>T\u00e4iend\u00f5pe, konkursid \/ Further studies, competitions<\/strong><\/p>\n\n\n\n<p>Antonin Dvorak&#8217;s International Singing Competition (2nd Prize, 4 special prizes, 2018)<br>Du\u0161ek\u2019s Interpretation Competition (2nd Prize, 2018)<\/p>\n\n\n\n<p>Prague Singer (Absolute winner, 2018)<br>Iuventus Canti (2nd Prize, 2019, 2021)<br>Mikul\u00e1\u0161 Schneider Trnavsk\u00fd Competition (2nd Prize, 2021)<br>Masterclasses: Adam Plachetka, Kate\u0159ina Kn\u011b\u017e\u00edkov\u00e1, Thomas Steinh\u00f6fel, Irena Sylya, Amelia<br>Felle<\/p>\n\n\n\n<p><strong>Erialased kogemused \/ Professional experience<\/strong><\/p>\n\n\n\n<p>Harlequin (Ariadne auf Naxos 2021), Conte Almaviva (Le nozze di Figaro 2020), Poet<br>(Nezn\u00e1m\u00e1 2019), Conte (Il matrimonio segreto 2018), K\u00f6nig, Die Kluge (2017)<\/p>\n\n\n\n<p><br><\/p>\n\n\n\n<p><strong>Tulevikuplaanid \/ Future plans<\/strong><\/p>\n\n\n\n<p>Marcello (La Boh\u00e8me), Onegin, Garibaldo (Rodelinda)<\/p>","protected":false},"excerpt":{"rendered":"<p>Robin \u010cervinek Baritone \/ 1994-01-17 T\u0161ehhi \/ Czech KAVA \/ PROGRAM II VOOR \/ 2ND ROUND Mozart &#8211; Cosi fan tutte &#8211; Gulielmo &#8211; Rivolgete a lui lo sguardoDonizetti &#8211; Don Pasquale &#8211; Malatesta &#8211; Bella siccome un angelo III VOOR \/ 3RD ROUND Schubert &#8211; Ave MariaSchubert &#8211; Gruppe aus dem Tartarus IV VOOR [&hellip;]<\/p>","protected":false},"author":1,"featured_media":0,"parent":0,"menu_order":101,"comment_status":"closed","ping_status":"closed","template":"","meta":{"footnotes":""},"class_list":["post-2750","page","type-page","status-publish","hentry"],"_links":{"self":[{"href":"https:\/\/www.promfest.ee\/et\/wp-json\/wp\/v2\/pages\/2750","targetHints":{"allow":["GET"]}}],"collection":[{"href":"https:\/\/www.promfest.ee\/et\/wp-json\/wp\/v2\/pages"}],"about":[{"href":"https:\/\/www.promfest.ee\/et\/wp-json\/wp\/v2\/types\/page"}],"author":[{"embeddable":true,"href":"https:\/\/www.promfest.ee\/et\/wp-json\/wp\/v2\/users\/1"}],"replies":[{"embeddable":true,"href":"https:\/\/www.promfest.ee\/et\/wp-json\/wp\/v2\/comments?post=2750"}],"version-history":[{"count":1,"href":"https:\/\/www.promfest.ee\/et\/wp-json\/wp\/v2\/pages\/2750\/revisions"}],"predecessor-version":[{"id":2769,"href":"https:\/\/www.promfest.ee\/et\/wp-json\/wp\/v2\/pages\/2750\/revisions\/2769"}],"wp:attachment":[{"href":"https:\/\/www.promfest.ee\/et\/wp-json\/wp\/v2\/media?parent=2750"}],"curies":[{"name":"wp","href":"https:\/\/api.w.org\/{rel}","templated":true}]}}

Robin Červinek

<h3 class="has-text-align-left wp-block-heading">Robin Červinek</h3>



<h4 class="wp-block-heading">Baritone / 1994-01-17</h4>



<p><strong>Tšehhi / Czech</strong></p>



<div class="wp-block-media-text alignwide is-stacked-on-mobile is-vertically-aligned-top" style="grid-template-columns:34% auto"><figure class="wp-block-media-text__media"><img loading="lazy" decoding="async" width="266" height="400" src="https://www.promfest.ee/wp-content/uploads/2021/09/Robin_Cervinek.jpg" alt="" class="wp-image-2768 size-full" srcset="https://www.promfest.ee/wp-content/uploads/2021/09/Robin_Cervinek.jpg 266w, https://www.promfest.ee/wp-content/uploads/2021/09/Robin_Cervinek-200x300.jpg 200w, https://www.promfest.ee/wp-content/uploads/2021/09/Robin_Cervinek-8x12.jpg 8w" sizes="auto, (max-width: 266px) 100vw, 266px" /></figure><div class="wp-block-media-text__content">
<h3 class="wp-block-heading"><strong>KAVA / PROGRAM</strong></h3>



<p>II VOOR / 2ND ROUND</p>



<p>Mozart &#8211; Cosi fan tutte &#8211; Gulielmo &#8211; Rivolgete a lui lo sguardo<br>Donizetti &#8211; Don Pasquale &#8211; Malatesta &#8211; Bella siccome un angelo</p>



<p><br></p>



<p>III VOOR / 3RD ROUND</p>



<p>Schubert &#8211; Ave Maria<br>Schubert &#8211; Gruppe aus dem Tartarus</p>



<p><strong><br></strong></p>



<p>IV VOOR / 4TH ROUND</p>



<p>Menotti &#8211; The Old Maid and the Thief &#8211; Bob &#8211; When The Air Sings of Summer<br>Mozart &#8211; Le nozze di Figaro &#8211; Conte Almaviva &#8211; Hai già vinta la causa</p>



<p><br></p>



<p>FINAAL / FINAL ROUND</p>



<p>Rossini &#8211; Il Barbiere di Siviglia &#8211; Figaro &#8211; Largo al factotum<br>————————————<br>Leoncavallo &#8211; I Pagliacci &#8211; Tonio &#8211; Si puo?<br>Gounod &#8211; Faust &#8211; Valentin &#8211; Avant de quitter ces lieux<br>Korngold &#8211; Die Tote Stadt &#8211; Fritz &#8211; Mein Sehnen, mein Wähnen</p>
</div></div>



<section id="section-75777e12-5adc-41db-b81d-c029482fde60" class="wp-block-gutentor-divider section-75777e12-5adc-41db-b81d-c029482fde60 gutentor-element gutentor-section gutentor-divider text-center"><div class="grid-container"><div class="gutentor-divider-box"><span><svg xmlns="http://www.w3.org/2000/svg" viewbox="0 0 240 40" preserveaspectratio="none"><path d="M56.2 20c5.3-.1 10.6-.2 16-.3l16-.2c10.6-.1 21.3-.1 31.9-.2 10.6.1 21.3 0 31.9.1l16 .2c5.3.1 10.6.2 16 .3-5.3.1-10.6.2-16 .3l-16 .2c-10.6.1-21.3.1-31.9.1-10.6-.1-21.3 0-31.9-.2l-16-.2c-5.4.1-10.7 0-16-.1z"></path></svg></span></div></div></section>



<p><strong>Haridus / Education</strong></p>



<p>Janacek Academy of Music and Performing Arts Brno (2016-21, Zdeněk Šmukař)<br>MDW Wien (since 2020, Margit Klaushofer)</p>



<p><br></p>



<p><strong>Täiendõpe, konkursid / Further studies, competitions</strong></p>



<p>Antonin Dvorak&#8217;s International Singing Competition (2nd Prize, 4 special prizes, 2018)<br>Dušek’s Interpretation Competition (2nd Prize, 2018)</p>



<p>Prague Singer (Absolute winner, 2018)<br>Iuventus Canti (2nd Prize, 2019, 2021)<br>Mikuláš Schneider Trnavský Competition (2nd Prize, 2021)<br>Masterclasses: Adam Plachetka, Kateřina Kněžíková, Thomas Steinhöfel, Irena Sylya, Amelia<br>Felle</p>



<p><strong>Erialased kogemused / Professional experience</strong></p>



<p>Harlequin (Ariadne auf Naxos 2021), Conte Almaviva (Le nozze di Figaro 2020), Poet<br>(Neznámá 2019), Conte (Il matrimonio segreto 2018), König, Die Kluge (2017)</p>



<p><br></p>



<p><strong>Tulevikuplaanid / Future plans</strong></p>



<p>Marcello (La Bohème), Onegin, Garibaldo (Rodelinda)</p>

<p>Robin Červinek Baritone / 1994-01-17 Tšehhi / Czech KAVA / PROGRAM II VOOR / 2ND ROUND Mozart &#8211; Cosi fan tutte &#8211; Gulielmo &#8211; Rivolgete a lui lo sguardoDonizetti &#8211; Don Pasquale &#8211; Malatesta &#8211; Bella siccome un angelo III VOOR / 3RD ROUND Schubert &#8211; Ave MariaSchubert &#8211; Gruppe aus dem Tartarus IV VOOR [&hellip;]</p>
